r?
False
Suppose 0 = 5*j - 4*q - 653847, 2*j - 117912 = 5*q + 143620. Is j a composite number?
True
Suppose 3*p = p + 6. Suppose -5*r - 1371 - 637 = 3*t, -p*r - 1206 = 3*t. Let w = -224 - r. Is w prime?
False
Suppose 7069926 = 63*x + 15*x + 24*x. Is x composite?
False
Is (-187273)/(5*15/(-75)) a composite number?
False
Let w be (-1)/(-5) + 26/(-130). Suppose w = -67*n + 938795 - 53256. Is n composite?
False
Suppose -4*p + 0*p = -36. Suppose 3*k + k - 3*a = -p, 4*k + 39 = -3*a. Is 193/2 + (-3)/k composite?
False
Let t be (4 + 9 + -9)*2248/2. Let k = -1599 + t. Is k prime?
True
Suppose 203 = -6*a + 215. Suppose a*x - 27744 = -7210. Is x prime?
True
Suppose -16*f = -8*f + 40976. Is 9/((-18)/f) + 2 prime?
False
Suppose -244488 - 139017 = -15*m. Is m composite?
True
Let c = -15568 - -21401. Is c composite?
True
Let q = -96408 - -296035. Is q composite?
True
Let n = -16631 + 9746. Let i = n + 10732. Is i a prime number?
True
Let r = 426 - 84. Let i = r + -163. Is i a composite number?
False
Suppose 25 = 2*z - t, 0 = -4*z - 4*t + t + 35. Let x(y) = y**2 - 9*y - 18. Let j be x(z). Suppose 0 = -j*r - 4*o + 2144, -r + 534 = -0*r + 2*o. Is r composite?
True
Let n be (-10)/(13/3 + -5). Suppose -5*x - m = -0*m + 10, -n = 3*m. Is x*(4 - (650 + 3)) a prime number?
False
Let j be (-1 + (-1)/(-3))*3 + 0. Let t be -1 - (j - ((-2)/(-2) - -2)). Suppose 9*x - t*x = 4*n - 2808, 2*n - 1406 = 2*x. Is n composite?
True
Let a(z) = 242*z - 3. Let w be a(2). Let l(f) = -64*f**2 + 7*f - 4. Let q be l(2). Let d = w + q. Is d composite?
True
Let c be 2/(-6) + (-2)/(42/(-49)). Let b be 52/(-14) - -4 - (-4)/(-14). Suppose b = -c*f + 3940 + 2386. Is f a prime number?
True
Let v(p) = 13025*p + 436. Is v(6) composite?
True
Suppose -2*f = -3*l - 29, -l = -3*f - 0*l + 26. Suppose 19*j - f*j - 29796 = 0. Is j a prime number?
False
Let q(f) = f**3 - 4*f**2 + 72. Let l be q(0). Suppose 12*m - l + 0 = 0. Suppose -5*d - 5*s + 43 = -8*s, 0 = -2*d + 4*s + m. Is d prime?
True
Let z be (-318)/2*40/(-3). Suppose -16*a + 22*a = 24. Suppose -a*w + 12*w = z. Is w a composite number?
True
Let x(n) be the third derivative of 23*n**5/12 - n**4/2 - 22*n**3/3 - 95*n**2. Is x(-13) composite?
True
Let c = -187911 - -296408. Is c prime?
True
Let a(y) = 22*y**2 - 635*y + 807. Is a(124) composite?
False
Let k(z) = -z**2 + 12*z + 48. Let o be k(15). Is o/(-6) + (-26)/(-8)*646 a composite number?
False
Let k(o) = 243*o + 14. Suppose 0 = 11*j + 13 - 178. Is k(j) a prime number?
True
Suppose -7*s - 280 = -12*s. Let l = 1257 - s. Is l a composite number?
False
Suppose 8*b + 17 - 49 = 0. Suppose b*n = 2*d, 3*d - 9 - 1 = n. Suppose 1345 = d*m - 5*r, -1006 = -2*m - m + r. Is m prime?
False
Suppose 7*x = 29 - 1. Suppose 1516 = -x*r + 6440. Suppose -3*z + b = -1463, 5*z - 1210 - r = 3*b. Is z composite?
False
Let y = 93 + -81. Let r(v) = v**3 - 14*v**2 + 26*v - 22. Let f be r(y). Is (-11)/11*(-993 + f)/1 a composite number?
False
Let p = 92883 - 47884. Is p prime?
False
Suppose 2*n + 6*c - 2*c = 26, -36 = -3*n - 5*c. Let i(v) be the third derivative of 25*v**4/3 + 5*v**3/2 - 2*v**2 + 204. Is i(n) a prime number?
False
Let m = 72394 + -34737. Is m prime?
True
Suppose 27*n + 12*n - 10058451 = 0. Suppose 17*a = -25672 + n. Is a a composite number?
True
Let o be (-1)/((-9)/(-8) + -1). Let t = o + 6. Is t*537/(-6)*7 a prime number?
False
Suppose 22*f - 619379 = -32991. Is f prime?
False
Let l(n) = 5*n - 32. Let k be l(8). Let o(q) = q**3 - 7*q**2 - 8*q + 2. Let x be o(k). Suppose x*y - 5*y + m + 1141 = 0, 5*m = 10. Is y prime?
False
Let b(s) = -278*s**2 - 11*s - 3. Let d be b(2). Let p = d - -2224. Is p a prime number?
True
Is (6/(-8))/(255/(-14438780)) composite?
False
Let d = 44023 - 27945. Is d composite?
True
Suppose -4*x + 504126 = 217055 - 314821. Is x a composite number?
False
Suppose -4*b = 2*d - 71472 - 8602, 0 = b - 5. Is d a composite number?
True
Let x = 60 + -57. Let h be (x/4)/((-3)/288). Is ((-1559)/(-2) - -1)/((-36)/h) composite?
True
Suppose -4*t + 26 = 3*u, 5*t = u - 6*u + 35. Let i(s) = -21*s - 2 - 31*s + t + 14. Is i(-5) prime?
True
Suppose 382217 = 4*y - 5*b, -3*y + 401131 = b + 114492. Suppose 4*p = -2*k + 74236, -4*p - 21312 = -4*k - y. Is p composite?
True
Is (482489 + 50)/(-1 + 3 + -1) prime?
True
Let o = 7588 + -3923. Is o prime?
False
Suppose -4*s - 2*s + 38520 = 0. Let g = s - 223. Is g a composite number?
False
Suppose 0 = 9*r + 5*a - 996661, -2*r + 4*a = 2*a - 221474. Is r a prime number?
False
Let t(n) = n**3 - 4*n**2 - 19*n - 41. Let b be t(7). Let m = b + 696. Is m prime?
False
Suppose 29*a + 3*f + 4 = 27*a, f = 2*a + 12. Is a/((-130)/4) - 90699/(-13) a prime number?
True
Suppose 4*x + 3*x - 3*x = 0. Suppose x = -4*j - 2 + 14. Suppose j*f + 294 = 5*f - 5*u, 3*f = 4*u + 455. Is f a composite number?
False
Let j = -3444 + 955. Let i = j + 7066. Is i a composite number?
True
Let g(r) = -722*r - 5. Let z(o) = o**2 - 8*o - 12. Let q = -40 + 49. Let m be z(q). Is g(m) prime?
True
Let s = -244364 - -797715. Is s a prime number?
True
Suppose -198*p - 23422313 = -66876041 - 41602518. Is p prime?
False
Suppose -3*n + 140949 = -5*q, 0*n - 4*q = 2*n - 94010. Is n a composite number?
False
Suppose 136*k - 74462996 = -132*k. Is k prime?
True
Let z(r) = -r**3 - 25*r**2 - 97*r - 79. Is z(-30) a composite number?
False
Let p = 219 + -221. Is 72 + 995 - 1*4/p prime?
True
Suppose -15*b - 53948 + 62061 = -146582. Is b prime?
True
Let j = -179 - -6. Let l = -887 - j. Is (-1)/(9/l)*24/16 a prime number?
False
Let n be 0*((-6)/(-12) - 0). Suppose n = 2*l - 1614 - 37456. Is l a composite number?
True
Suppose -5271759 = -5*w - 8*t + 4*t, 2108705 = 2*w + 3*t. Is w prime?
False
Let z(x) = 2*x**2 - x - 17. Suppose p - 31 = 5*v, -2*p = v - 3*v - 6. Let d be z(v). Let f = 221 - d. Is f a prime number?
False
Suppose -3*k = -2*w - 26133, 10*k + 34844 = 14*k - 4*w. Is k a composite number?
True
Let q(x) = 30*x**2 + 42*x + 12*x**2 - 78 + 73. Is q(-9) composite?
False
Suppose -4*t = -168*q + 167*q + 50421, -t = q - 50436. Is q prime?
False
Let l be (-4 + 13/3)/((-1)/9). Let f(s) = 5*s**3 - 6*s**2 - 7*s - 2. Let q(o) = 10*o**3 - 13*o**2 - 14*o - 3. Let c(v) = l*q(v) + 5*f(v). Is c(-6) composite?
False
Suppose 8 = -4*t - 4*l, l + 6 + 2 = t. Suppose h - 5 = 0, 2*r - 6250 = t*h + h. Suppose 0 = 5*z - 230 - r. Is z a prime number?
True
Suppose -20*p + 22 = -18. Suppose 3959 = 5*q + 4*f, -q + 112 = -p*f - 677. Is q composite?
True
Let w = 242 + -257. Is w/150 + 36311/10 composite?
False
Suppose 315*c - s = 319*c - 538322, -4*c = 3*s - 538318. Is c prime?
True
Let s = 88 - 93. Let v(a) = 4*a**3 - 24*a**2 + 23*a + 46. Let k(q) = 3*q**3 - 23*q**2 + 24*q + 45. Let d(i) = s*k(i) + 4*v(i). Is d(-18) prime?
True
Let q = 15 + -25. Let z = -7 - q. Suppose s - 2*m - 46 = 59, -z*m = -4*s + 415. Is s a composite number?
False
Let h(b) be the third derivative of 11*b**5/60 + 29*b**4/12 - 113*b**3/6 - 194*b**2. Is h(-36) composite?
True
Let a(l) = -10*l**3 - 42*l**2 - 26*l - 89. Is a(-23) a prime number?
True
Suppose -65 - 95 = -16*k. Let l(s) = 2*s**2 + 233*s**3 + 61*s - 58*s - k - s**2. Is l(3) composite?
False
Is (-10)/6*((-2951004)/95 - 9) prime?
True
Suppose -2*f = 1702 + 1234. Let n = 5841 + f. Is n a composite number?
False
Suppose -303 = 5*a + 182. Let t = a + 155. Let j = t - -133. Is j prime?
True
Let x(l) be the third derivative of -37*l**4 - 9*l**3/2 - 163*l**2. Is x(-5) a prime number?
False
Let t = 462 + -295. Let l = -785 - t. Let b = -339 - l. Is b composite?
False
Let j(w) = 7*w + 26*w**2 - 19*w**2 + 49 - 29 + 35*w**2. Is j(-9) prime?
True
Is -12853*(8 - 130/20)*(-10)/3 a composite number?
True
Let t = 16874 + -9165. Is t a prime number?
False
Suppose -x + 0*h = -4*h + 5014, 3*x - 2*h + 15002 = 0. Let g = 169 - x. Is g a prime number?
True
Let u be 8/((-4 - -2) + 1). Let b = u - -8. Suppose 0 = -b*c - 6*c + 318. Is c composite?
False
Let j(d) be the first derivative of -9/2*d**2 - 18 + 19*d. Is j(-4) composite?
True
Suppose 0 = -104*l + 106*l + 2970. Let x = -292 - l. Is x a prime number?
True
Let l(m) = 85 - 18 - 253*m + 97*m + 6. Is l(-5) composite?
False
Let z = 9773 + -5882. Is z composite?
True
Let w(k) = 24*k**2 - 4*k - 17. Let q(c) = -c - 4. Let p be q(-1). Is w(p) composite?
False
Suppose 33 - 1 = 4*f, -f + 18